a) = 4*a**2 - 11*a - 173. Determine h(-8).
171
Let m(g) = g**3 - 6*g**2 - 34*g + 180. What is m(8)?
36
Let c(s) = s**2 - 16*s + 4. Give c(0).
4
Let q(t) = t**3 - 74*t**2 + 1200*t + 24. Give q(24).
24
Let d(z) = -z**2 - 24*z + 33. What is d(9)?
-264
Let n(b) = -b**2 + 927*b + 5647. Give n(-6).
49
Let t(f) = -f**3 + 18*f**2 - 28*f - 20. Calculate t(16).
44
Let i(r) = 16*r - 495. What is i(53)?
353
Let j(i) = 16*i + 20. Give j(-5).
-60
Let l(t) = t**3 - 2*t**2 - 2*t + 19. Give l(4).
43
Let x(t) = -4*t**2 + 10*t - 36. Calculate x(10).
-336
Let u(n) = -3*n**3 - 64*n**2 + 34*n - 213. What is u(-22)?
7
Let x(i) = 8395*i + 67171. What is x(-8)?
11
Let m(f) = f**3 + 12*f**2 + 4*f - 2. What is m(-10)?
158
Let q(y) = 2*y**2 - 118*y - 1475. What is q(-11)?
65
Let k(d) = 2*d - 47. Calculate k(17).
-13
Let a(n) = n**2 - 51*n + 290. Calculate a(43).
-54
Let f(j) = -77*j**2 - 457*j - 23. Determine f(-6).
-53
Let f(s) = -28*s - 88. Calculate f(-3).
-4
Let f(d) = 147*d + 296. What is f(-2)?
2
Let a(b) = -79*b + 232. Give a(0).
232
Let n(l) = 400*l + 17602. What is n(-44)?
2
Let h(f) = -f**3 - 10*f**2 - 18*f - 324. Determine h(-11).
-5
Let i(d) = 5*d + 202. Calculate i(-21).
97
Let h(t) = -95*t - 1491. Calculate h(-15).
-66
Let n(d) = 47*d**2 - 1034*d - 23. Give n(22).
-23
Let h(y) = y**3 + 169*y**2 - 1022*y + 4896. Determine h(-175).
-4
Let z(c) = -5*c**2 - 32*c - 10. Calculate z(-6).
2
Let x(q) = -5*q**3 - 19*q**2 + 46*q - 4. Give x(2).
-28
Let l(s) = 5*s**2 + 29*s + 25. Give l(-5).
5
Let x(d) = 6*d - 86. Give x(-23).
-224
Let o(q) = q**3 - 15*q**2 + 149*q - 1607. What is o(13)?
-8
Let u(t) = -4*t**2 + 50*t - 10. What is u(8)?
134
Let o(y) = -7*y**3 - y**2 + 17*y - 26. Calculate o(2).
-52
Let c(q) = -2*q**3 - 30*q**2 - 16*q - 60. Determine c(-14).
-228
Let c(m) = m - 65. Give c(19).
-46
Let w(o) = 7*o**2 - 355*o - 850. Determine w(53).
-2
Let v(n) = -n**3 + 16*n**2 - 20*n + 106. What is v(15)?
31
Let j(w) = 2*w**2 + 132*w + 2011. Determine j(-42).
-5
Let k(v) = -670*v - 2. Calculate k(0).
-2
Let t(r) = 2*r**2 + r - 1. Calculate t(5).
54
Let m(d) = -768*d + 6901. Calculate m(9).
-11
Let u(v) = 521*v + 1554. Calculate u(-3).
-9
Let g(u) = 10*u**2 - 4*u + 9. Calculate g(-3).
111
Let x(d) = -5*d**2 + 159*d + 47. Determine x(32).
15
Let f(y) = 8*y**3 + 3*y**2 + 2*y - 2. What is f(-2)?
-58
Let a(m) = -m**3 - 77*m**2 - 148*m + 194. What is a(-75)?
44
Let x(p) = -13*p - 175. What is x(-42)?
371
Let o(k) = -31*k**2 + 249*k - 9. Calculate o(8).
-1
Let o(h) = 66*h - 277. Give o(1).
-211
Let t(p) = p**3 + 9*p**2 + 15*p + 36. Give t(-9).
-99
Let r(i) = -i - 160. Give r(-49).
-111
Let i(o) = -134*o + 1043. Calculate i(10).
-297
Let j(b) = -62*b - 22. Calculate j(0).
-22
Let w(j) = -2*j**3 + 82*j**2 - 523*j - 166. Determine w(33).
-1
Let k(g) = g**3 - 8*g**2 - 29*g + 197. What is k(9)?
17
Let u(t) = -54*t + 140. What is u(13)?
-562
Let f(t) = 2*t**3 - 130*t**2 + 246*t + 413. What is f(63)?
35
Let s(b) = -487*b - 34581. Calculate s(-71).
-4
Let s(w) = 288*w + 829. Determine s(-3).
-35
Let j(p) = -8*p**2 - 52*p + 394. Determine j(-11).
-2
Let q(s) = 4*s**2 - 9*s - 5. Calculate q(1).
-10
Let o(g) = g**3 - 3*g**2 - 86*g - 190. Determine o(-6).
2
Let r(f) = 2*f**2 + 87*f + 355. Give r(-39).
4
Let n(u) = u**3 - 68*u**2 - 137*u - 196. Give n(70).
14
Let n(r) = -r**2 - 84*r - 1288. What is n(-64)?
-8
Let y(z) = 6*z**2 + 23*z - 904. Give y(10).
-74
Let m(w) = 536*w + 10719. Determine m(-20).
-1
Let y(o) = 69*o + 298. Give y(-4).
22
Let n(o) = o**3 - 34*o**2 - 47*o + 95. What is n(35)?
-325
Let m(w) = 35*w - 681. Determine m(28).
299
Let w(c) = 2*c**2 + 40*c + 133. Determine w(-10).
-67
Let a(q) = 2*q**3 - 41*q**2 - 65*q - 7. What is a(22)?
15
Let r(p) = -2*p**3 + 33*p**2 + 26*p - 658. Calculate r(16).
14
Let m(g) = -g**3 - 13*g**2 + 32*g - 3. Determine m(2).
1
Let f(j) = -j**2 + 22*j + 21. Give f(27).
-114
Let j(h) = -h**3 + 84*h**2 - 86*h + 213. Determine j(83).
-36
Let f(p) = -503*p + 3035. Calculate f(6).
17
Let i(b) = -536*b + 18771. Give i(35).
11
Let d(k) = 155*k - 987. Determine d(6).
-57
Let m(v) = 32*v + 637. What is m(-19)?
29
Let w(b) = -133*b - 3457. What is w(-26)?
1
Let i(b) = 84*b**2 + 3442*b - 66. Determine i(-41).
16
Let d(w) = w**2 + 963*w - 3850. Determine d(4).
18
Let m(x) = x**3 - 51*x**2 - 282*x + 179. What is m(56)?
67
Let w(o) = -306*o - 2279. Give w(-8).
169
Let t(r) = -r**3 - 22*r**2 - 62*r + 3. What is t(-19)?
98
Let a(b) = 223*b + 4239. Calculate a(-19).
2
Let z(v) = -72*v**3 - 2*v**2 - 9*v + 10. Give z(1).
-73
Let y(q) = q**3 - 27*q**2 + 99*q - 157. Give y(23).
4
Let z(h) = h**2 - 53*h - 719. Determine z(-11).
-15
Let n(q) = 13*q + 19. Determine n(-12).
-137
Let j(p) = -1056*p + 1118. What is j(1)?
62
Let z(r) = 9*r**2 - 134*r + 10. Calculate z(16).
170
Let c(b) = -4*b**2 - 30*b + 29. What is c(-10)?
-71
Let t(c) = 5*c**2 - 30*c + 30. Give t(2).
-10
Let t(v) = 103*v - 3780. Calculate t(36).
-72
Let s(q) = -q**3 + 2*q**2 - 125. Determine s(0).
-125
Let l(m) = -363*m + 73. Calculate l(1).
-290
Let z(x) = x**3 + 2*x**2 - 26*x - 20. Determine z(-7).
-83
Let s(y) = 2*y**2 - 194*y - 11308. Calculate s(-41).
8
Let d(c) = 9034*c + 9008. Give d(-1).
-26
Let u(w) = 3*w**2 - 3*w - 7. Determine u(7).
119
Let s(k) = -223*k + 4129. Determine s(19).
-108
Let l(h) = 15*h**2 - 15*h + 14. Give l(1).
14
Let b(l) = -75*l + 14329. Determine b(189).
154
Let f(u) = -2*u**3 + 78*u**2 + 77*u + 101. What is f(40)?
-19
Let t(b) = -3*b**3 - 3*b**2 - 13*b + 40. Determine t(2).
-22
Let h(y) = y**3 + 26*y**2 + 176*y + 114. Calculate h(-16).
-142
Let p(m) = m**3 - 17*m**2 + 10*m + 96. Calculate p(16).
0
Let u(g) = -111*g - 98. Calculate u(-3).
235
Let c(v) = -4*v**2 - 720*v - 14426. What is c(-23)?
18
Let r(l) = -l**3 + 77*l**2 + 76*l + 177. Determine r(78).
21
Let x(g) = 13*g**2 - 1170*g - 105. Give x(90).
-105
Let o(y) = y**3 - 3*y**2 - 13*y - 159. Calculate o(7).
-54
Let k(v) = -v**2 + 141*v + 1509. Determine k(-10).
-1
Let f(h) = -4*h**3 - 146*h**2 - 69*h + 80. Calculate f(-36).
-28
Let t(c) = -c**2 - 549*c + 5017. Calculate t(9).
-5
Let j(m) = -5*m**2 + 14*m + 53. Calculate j(-7).
-290
Let f(y) = -y**3 + 46*y**2 - 390*y + 63. Give f(11).
8
Let x(a) = -a**3 + 39*a**2 + 82*a + 6. Determine x(41).
6
Let k(b) = 20*b + 21. What is k(-4)?
-59
Let u(s) = -3*s**3 + 39*s**2 + 5*s - 60. Calculate u(13).
5
Let q(k) = -91*k + 831. Determine q(9).
12
Let n(f) = -4*f**2 + 49*f - 166. What is n(5)?
-21
Let x(h) = -h**2 + 9*h + 163. Calculate x(-9).
1
Let w(b) = -1994*b**2 + 41873*b + 16. Give w(21).
-5
Let m(u) = 3*u**2 - 399*u + 3692. Give m(123).
2
Let r(b) = -6*b**3 + 12*b**2 - 44*b + 23. What is r(5)?
-647
Let u(m) = 121*m**2 - 19*m + 29. Calculate u(2).
475
Let g(p) = -127*p - 6. Give g(1).
-133
Let l(u) = 3*u**2 + 28*u - 10. Determine l(-11).
45
Let r(w) = 3*w**3 - 28*w**2 - 55*w - 5. Calculate r(11).
-5
Let i(k) = 57*k + 171. Determine i(-3).
0
Let r(d) = -7*d**2 - 152*d - 259. Determine r(-20).
-19
Let u(f) = 18*f - 402. Calculate u(22).
-6
Let u(z) = -z**3 + 42*z**2 + 26*z + 484. Give u(43).
-247
Let t(s) = -7*s**2 + 49*s + 98. Give t(-2).
-28
Let x(h) = -h**3 - 8*h**2 + 19*h - 20. What is x(-12)?
328
Let h(u) = 2*u**2 - 103*u - 130. Give h(50).
-280
Let h(v) = 22*v**3 + 2*v**2 - 5*v + 4. Determine h(1).
23
Let m(x) = -3*x - 65. What is m(-14)?
-23
Let t(i) = 14*i - 126. Give t(8).
-14
Let z(p) = p**3 - 62*p**2 + 229*p + 285. What is z(58)?
111
Let p(z) = z**3 + 395*z**2 - 3204*z + 8060. What is p(-403)?
0
Let u(o) = o**2 - 214*o - 3647. Calculate u(-16).
33
Let k(o) = 89*o - 1286. Determine k(14).
-40
Let d(u) = 164*u - 26897. Determine d(164).
-1
Let m(q) = 167*q + 1611. Calculate m(-10).
-59
Let y(z) = -z + 28. What is y(5)?
23
Let a(r) = -26*r**2 - 167*r - 667. What is a(-4)?
-415
Let i(a) = 2*a**2 - 571*a - 7102. Calculate i(-12).
38
Let z(d) = -d**2 + 1247*d + 85287. Calculate z(-65).
7
Let p(h) = 43*h + 3886. Calculate p(-91).
-27
Let d(a) = -193*a - 7908. Give d(-41).
5
Let n(h) = h**3 - 11*h**2 - 7*h - 38. What is n(11)?
-115
Let u(i) = 6*i - 104. Give u(-2).
-116
Let d(o) = 1129*o - 11280. Determine d(10).
10
Let o(f) = -1531*f + 19903. Determine o(13).
0
Let z(r) = 1059*r + 3182. Give z(-3).
5
Let j(u) = -10*u**3 + 15*u**2 - 23*u - 5. What is j(2)?
-71
Let n(o) = 30*o + 9